the hundred thousands digit of 23739757?
7
What is the units digit of 11804806?
6
What is the ten millions digit of 57035701?
5
What is the hundreds digit of 67643353?
3
What is the units digit of 8242610661?
1
What is the ten thousands digit of 1106338486?
3
What is the billions digit of 6637397490?
6
What is the thousands digit of 8675570648?
0
What is the thousands digit of 61059087?
9
What is the hundred thousands digit of 371642007?
6
What is the hundreds digit of 41401284?
2
What is the millions digit of 144189288?
4
What is the ten millions digit of 334185831?
3
What is the thousands digit of 834094117?
4
What is the millions digit of 19247767?
9
What is the thousands digit of 3051587529?
7
What is the hundreds digit of 144643184?
1
What is the units digit of 124172854?
4
What is the tens digit of 40632548?
4
What is the ten millions digit of 28694903?
2
What is the hundreds digit of 363283181?
1
What is the hundred thousands digit of 360884915?
8
What is the hundred millions digit of 1817196809?
8
What is the ten thousands digit of 2532788845?
8
What is the tens digit of 68953701?
0
What is the millions digit of 37285811?
7
What is the ten thousands digit of 399301707?
0
What is the ten thousands digit of 1008093905?
9
What is the tens digit of 32658235?
3
What is the tens digit of 415023296?
9
What is the ten millions digit of 43425198?
4
What is the thousands digit of 20657689?
7
What is the ten thousands digit of 455474472?
7
What is the hundreds digit of 384561513?
5
What is the units digit of 584863615?
5
What is the units digit of 68399014?
4
What is the billions digit of 9061961298?
9
What is the ten thousands digit of 340980859?
8
What is the hundreds digit of 4082110485?
4
What is the thousands digit of 806082230?
2
What is the millions digit of 191227267?
1
What is the units digit of 365333702?
2
What is the millions digit of 44020691?
4
What is the hundred millions digit of 701002972?
7
What is the hundreds digit of 46553027?
0
What is the ten millions digit of 412193298?
1
What is the hundred millions digit of 109171122?
1
What is the ten millions digit of 11663000?
1
What is the ten millions digit of 67568692?
6
What is the units digit of 32226736?
6
What is the ten millions digit of 10722066?
1
What is the ten millions digit of 33538367?
3
What is the units digit of 10166137?
7
What is the hundred millions digit of 119612242?
1
What is the hundred millions digit of 404601978?
4
What is the hundreds digit of 2801394260?
2
What is the hundred thousands digit of 293579178?
5
What is the hundred thousands digit of 11336769?
3
What is the thousands digit of 64341540?
1
What is the units digit of 6671817?
7
What is the units digit of 274120837?
7
What is the tens digit of 2022059411?
1
What is the ten thousands digit of 84356022?
5
What is the thousands digit of 402887813?
7
What is the millions digit of 1030326920?
0
What is the ten thousands digit of 199811043?
1
What is the millions digit of 435636694?
5
What is the hundred millions digit of 166491408?
1
What is the hundred millions digit of 1378403015?
3
What is the billions digit of 1403650406?
1
What is the ten thousands digit of 352350?
5
What is the hundred thousands digit of 333306538?
3
What is the ten thousands digit of 179253092?
5
What is the ten millions digit of 14455469?
1
What is the thousands digit of 17261335?
1
What is the hundred millions digit of 324670168?
3
What is the ten thousands digit of 1063873413?
7
What is the hundreds digit of 100779849?
8
What is the hundred thousands digit of 60975864?
9
What is the millions digit of 49025204?
9
What is the tens digit of 15975068?
6
What is the hundred thousands digit of 18208250?
2
What is the hundred thousands digit of 848779013?
7
What is the tens digit of 205768112?
1
What is the thousands digit of 498227994?
7
What is the millions digit of 68527340?
8
What is the thousands digit of 3248198886?
8
What is the hundred millions digit of 1125294309?
1
What is the units digit of 666354105?
5
What is the thousands digit of 5674308505?
8
What is the hundred millions digit of 294213821?
2
What is the hundred millions digit of 5017002030?
0
What is the millions digit of 2035880703?
5
What is the ten thousands digit of 179654009?
5
What is the units digit of 2364322103?
3
What is the millions digit of 6257560550?
7
What is the ten millions digit of 216062368?
1
What is the units digit of 1397599878?
8
What is the units digit of 2839518156?
6
What is the hundreds digit of 45678130?
1
What is the units digit of 2408750?
0
What is the units digit of 233256123?
3
What is the tens digit of 556582271?
7
What is the thousands digit of 414207781?
7
What is the ten thousands digit of 18584510?
8
What is the ten millions digit of 112401748?
1
What is the ten thousands digit of 67733299?
3
What is the hundred millions digit of 3397553624?
3
What is the ten millions digit of 155017263?
5
What is the millions digit of 79551080?
9
What is the thousands digit of 3202633540?
3
What is the ten thousands digit of 11716059?
1
What is the hundred thousands digit of 216099259?
0
What is the hundred thousands digit of 5876032872?
0
What is the millions digit of 1721548762?
1
What is the hundreds digit of 65750636?
6
What is the millions digit of 103926088?
3
What is the units digit of 232164670?
0
What is the hundred millions digit of 145798806?
1
What is the hundreds digit of 926080048?
0
What is the ten thousands digit of 1160826949?
2
What is the thousands digit of 36674377?
4
What is the units digit of 978827537?
7
What is the millions digit of 51831037?
1
What is the hundred millions digit of 131167570?
1
What is the tens digit of 587391583?
8
What is the ten thousands digit of 182611551?
1
What is the millions digit of 56360279?
6
What is the hundred thousands digit of 10075982?
0
What is the hundred thousands digit of 5087552819?
5
What is the ten millions digit of 2793250516?
9
What is the thousands digit of 26938781?
8
What is the hundreds digit of 74595451?
4
What is the ten thousands digit of 197597155?
9
What is the ten thousands digit of 14045140?
4
What is the ten millions digit of 1386809699?
8
What is the millions digit of 1407141319?
7
What is the tens digit of 200090469?
6
What is the thousands digit of 111691241?
1
What is the millions digit of 4501326642?
1
What is the tens digit of 67370335?
3
What is the ten millions digit of 515844067?
1
What is the millions digit of 130924740?
0
What is the hundreds digit of 34733724?
7
What is the hundred thousands digit of 24150875?
1
What is the hundreds digit of 324725160?
1
What is the millions digit of 566045521?
6
What is the hundreds digit of 199452160?
1
What is the units digit of 3837728516?
6
What is the ten millions digit of 2012337341?
1
What is the tens digit of 784217947?
4
What is the hundreds digit of 233606?
6
What is the thousands digit of 61125770?
5
What is the ten thousands digit of 1121111065?
1
What is the hundred thousands digit of 68886665?
8
What is the hundred thousands digit of 97169199?
1
What is the ten millions digit of 15365157?
1
What is the tens digit of 1935073805?
0
What is the hundreds digit of 558755647?
6
What is the hundred thousands digit of 157106544?
1
What is the hundreds digit of 42817457?
4
What is the millions digit of 236410073?
6
What is the ten millions digit of 49389973?
4
What is the hundred millions digit of 1243971535?
2
What is the hundred thousands digit of 86291407?
2
What is the millions digit of 34120799?
4
What is the hundred thousands digit of 5546528746?
5
What is the millions digit of 36821346?
6
What is the units digit of 551690624?
4
What is the ten millions digit of 150387786?
5
What is the hundred thousands digit of 58551186?
5
What is the hundred thousands digit of 45261576?
2
What is the hundreds digit of 75405748?
7
What is the hundred millions digit of 2070586031?
0
What is the millions digit of 417069349?
7
What is the hundred millions digit of 671486228?
6
What is the tens digit of 1508324366?
6
What is the ten millions digit of 35987474?
3
What is the ten millions digit of 532740637?
3
What is the thousands digit of 1259964664?
4
What is the ten thousands digit of 28599577?
9
What is the units digit of 